ousands digit of 320914?
0
What is the units digit of 33566?
6
What is the units digit of 1560272?
2
What is the hundreds digit of 5424204?
2
What is the tens digit of 87525?
2
What is the units digit of 675262?
2
What is the units digit of 11373157?
7
What is the hundred thousands digit of 15680234?
6
What is the hundred thousands digit of 817339?
8
What is the millions digit of 9531130?
9
What is the units digit of 2092962?
2
What is the ten thousands digit of 4530475?
3
What is the tens digit of 490214?
1
What is the thousands digit of 1209211?
9
What is the hundreds digit of 1078867?
8
What is the ten thousands digit of 226470?
2
What is the millions digit of 1032605?
1
What is the ten thousands digit of 2211663?
1
What is the hundreds digit of 1300030?
0
What is the thousands digit of 345320?
5
What is the ten thousands digit of 44468?
4
What is the hundred thousands digit of 472958?
4
What is the units digit of 33021?
1
What is the units digit of 479912?
2
What is the hundreds digit of 10545?
5
What is the units digit of 13612554?
4
What is the units digit of 228202?
2
What is the thousands digit of 2560584?
0
What is the units digit of 3102025?
5
What is the ten thousands digit of 527385?
2
What is the hundreds digit of 9340010?
0
What is the thousands digit of 1077907?
7
What is the hundreds digit of 319270?
2
What is the tens digit of 2783310?
1
What is the hundreds digit of 332396?
3
What is the ten thousands digit of 403645?
0
What is the units digit of 2614889?
9
What is the tens digit of 255608?
0
What is the hundred thousands digit of 20210187?
2
What is the ten thousands digit of 268889?
6
What is the units digit of 1022430?
0
What is the units digit of 4239187?
7
What is the hundreds digit of 1106993?
9
What is the ten thousands digit of 1843720?
4
What is the ten thousands digit of 919221?
1
What is the hundreds digit of 94688?
6
What is the tens digit of 37321?
2
What is the units digit of 31427?
7
What is the tens digit of 554764?
6
What is the ten thousands digit of 1143247?
4
What is the units digit of 153362?
2
What is the tens digit of 955123?
2
What is the hundred thousands digit of 1963032?
9
What is the hundreds digit of 100306?
3
What is the hundreds digit of 195572?
5
What is the hundreds digit of 3705072?
0
What is the units digit of 261488?
8
What is the hundreds digit of 6119875?
8
What is the hundred thousands digit of 22931735?
9
What is the tens digit of 723487?
8
What is the hundreds digit of 18656756?
7
What is the hundred thousands digit of 734648?
7
What is the units digit of 65414?
4
What is the thousands digit of 95424?
5
What is the tens digit of 340910?
1
What is the millions digit of 4577450?
4
What is the units digit of 1660618?
8
What is the thousands digit of 328254?
8
What is the hundred thousands digit of 247930?
2
What is the ten thousands digit of 687266?
8
What is the thousands digit of 1355041?
5
What is the hundred thousands digit of 214558?
2
What is the thousands digit of 2267842?
7
What is the tens digit of 405863?
6
What is the hundred thousands digit of 210981?
2
What is the hundred thousands digit of 3119197?
1
What is the millions digit of 31233172?
1
What is the hundreds digit of 248874?
8
What is the units digit of 787938?
8
What is the units digit of 1588496?
6
What is the hundred thousands digit of 1286424?
2
What is the units digit of 2360733?
3
What is the thousands digit of 503882?
3
What is the hundreds digit of 574698?
6
What is the units digit of 40499?
9
What is the ten thousands digit of 3151794?
5
What is the millions digit of 3722099?
3
What is the tens digit of 3007632?
3
What is the hundred thousands digit of 4768746?
7
What is the units digit of 2121605?
5
What is the units digit of 319272?
2
What is the ten millions digit of 12564359?
1
What is the units digit of 1397129?
9
What is the tens digit of 4527699?
9
What is the thousands digit of 8427118?
7
What is the units digit of 9156365?
5
What is the ten thousands digit of 4214919?
1
What is the ten thousands digit of 156052?
5
What is the ten thousands digit of 4696200?
9
What is the hundred thousands digit of 1206965?
2
What is the hundreds digit of 815855?
8
What is the thousands digit of 7618414?
8
What is the hundreds digit of 2898113?
1
What is the hundred thousands digit of 229887?
2
What is the ten millions digit of 18264825?
1
What is the hundred thousands digit of 881600?
8
What is the thousands digit of 622827?
2
What is the tens digit of 24500331?
3
What is the millions digit of 2156531?
2
What is the hundred thousands digit of 2181576?
1
What is the hundreds digit of 2904683?
6
What is the hundreds digit of 27126?
1
What is the units digit of 3687014?
4
What is the units digit of 1661180?
0
What is the tens digit of 491525?
2
What is the thousands digit of 11154131?
4
What is the hundreds digit of 234877?
8
What is the hundreds digit of 3637114?
1
What is the ten thousands digit of 1377870?
7
What is the hundred thousands digit of 1558643?
5
What is the millions digit of 1027301?
1
What is the ten thousands digit of 2957665?
5
What is the hundred thousands digit of 1589109?
5
What is the units digit of 229704?
4
What is the hundreds digit of 1796817?
8
What is the hundreds digit of 233371?
3
What is the tens digit of 11462395?
9
What is the ten thousands digit of 301890?
0
What is the thousands digit of 4005323?
5
What is the units digit of 905375?
5
What is the ten thousands digit of 1258744?
5
What is the ten thousands digit of 5645944?
4
What is the hundreds digit of 234447?
4
What is the hundred thousands digit of 27484328?
4
What is the units digit of 15466223?
3
What is the units digit of 5034491?
1
What is the tens digit of 13338614?
1
What is the tens digit of 6890664?
6
What is the hundred thousands digit of 724762?
7
What is the millions digit of 9314252?
9
What is the hundreds digit of 23852197?
1
What is the tens digit of 8038815?
1
What is the thousands digit of 839980?
9
What is the millions digit of 1765598?
1
What is the ten millions digit of 19757203?
1
What is the ten thousands digit of 1259787?
5
What is the millions digit of 6475416?
6
What is the hundreds digit of 29220?
2
What is the units digit of 475838?
8
What is the units digit of 695088?
8
What is the hundred thousands digit of 1692612?
6
What is the millions digit of 4979814?
4
What is the tens digit of 42458?
5
What is the ten thousands digit of 188883?
8
What is the hundred thousands digit of 1844341?
8
What is the thousands digit of 549768?
9
What is the ten thousands digit of 211733?
1
What is the tens digit of 58004?
0
What is the ten thousands digit of 19755?
1
What is the millions digit of 1928574?
1
What is the units digit of 12630211?
1
What is the ten thousands digit of 1294596?
9
What is the ten thousands digit of 8752162?
5
What is the ten thousands digit of 2190822?
9
What is the tens digit of 680700?
0
What is the thousands digit of 16693403?
3
What is the units digit of 4687777?
7
What is the ten thousands digit of 664033?
6
What is the thousands digit of 635728?
5
What is the units digit of 26228942?
2
What is the millions digit of 4463709?
4
What is the thousands digit of 767468?
7
What is the tens digit of 337938?
3
What is the millions digit of 4470858?
4
What is the tens digit of 3342575?
7
What is the units digit of 1189268?
8
What is the hundreds digit of 741214?
2
What is the units digit of 1016705?
5
What is the millions digit of 5873758?
5
What is the units digit of 21290?
0
What is the units digit of 1900227?
7
What is the hundred thousands digit of 1125685?
1
What is the hundred thousands digit of 339977?
3
What is the units digit of 1240852?
2
What is the thousands digit of 250355?
0
What is the thousands digit of 26220931?
0
What is the hundreds digit of 465594?
5
What is the tens digit of 13162551?
5
What is the tens digit of 1754846?
4
What is the millions digit of 16977090?
6
What is the ten thousands digit of 44371?
4
What is the millions digit of 2142527?
2
What is the tens digit of 1561065?
6
What is the hundreds digit of 303229?
2
What is the tens digit of 9484145?
4
What is the hundreds digit of 3461512?
5
What is the hundreds digit of 6484075?
0
What is the thousands digit of 346050?
